 is the remainder when 923 is divided by 116?
111
What is the remainder when 3971 is divided by 5?
1
What is the remainder when 141391 is divided by 152?
31
What is the remainder when 1399 is divided by 296?
215
What is the remainder when 1131 is divided by 258?
99
Calculate the remainder when 16000 is divided by 116.
108
What is the remainder when 1828 is divided by 605?
13
Calculate the remainder when 29217 is divided by 61.
59
What is the remainder when 401 is divided by 28?
9
Calculate the remainder when 111384 is divided by 12373.
27
What is the remainder when 227527 is divided by 3297?
34
What is the remainder when 4566 is divided by 603?
345
Calculate the remainder when 20838 is divided by 2974.
20
Calculate the remainder when 53364 is divided by 4436.
132
Calculate the remainder when 34725 is divided by 867.
45
What is the remainder when 10258 is divided by 2557?
30
Calculate the remainder when 12093 is divided by 100.
93
What is the remainder when 69666 is divided by 1290?
6
Calculate the remainder when 363205 is divided by 181598.
9
Calculate the remainder when 7323 is divided by 197.
34
What is the remainder when 104019 is divided by 17?
13
Calculate the remainder when 9232 is divided by 3055.
67
What is the remainder when 93668 is divided by 23412?
20
What is the remainder when 72861 is divided by 48?
45
What is the remainder when 12115 is divided by 1101?
4
What is the remainder when 57808 is divided by 41?
39
Calculate the remainder when 934 is divided by 310.
4
Calculate the remainder when 74573 is divided by 419.
410
Calculate the remainder when 208273 is divided by 126.
121
Calculate the remainder when 21612 is divided by 21201.
411
Calculate the remainder when 18031 is divided by 125.
31
What is the remainder when 950 is divided by 146?
74
What is the remainder when 43881 is divided by 9?
6
What is the remainder when 2387 is divided by 240?
227
What is the remainder when 41798 is divided by 95?
93
Calculate the remainder when 9084 is divided by 2846.
546
Calculate the remainder when 41633 is divided by 3463.
77
Calculate the remainder when 101357 is divided by 128.
109
Calculate the remainder when 135149 is divided by 53.
52
What is the remainder when 181334 is divided by 105?
104
What is the remainder when 871 is divided by 47?
25
Calculate the remainder when 5575 is divided by 1853.
16
Calculate the remainder when 4273 is divided by 38.
17
What is the remainder when 1515022 is divided by 6?
4
Calculate the remainder when 12211 is divided by 86.
85
Calculate the remainder when 2309 is divided by 110.
109
What is the remainder when 119996 is divided by 14998?
12
What is the remainder when 758296 is divided by 21665?
21
What is the remainder when 1717 is divided by 7?
2
Calculate the remainder when 127511 is divided by 66.
65
What is the remainder when 3669 is divided by 41?
20
Calculate the remainder when 6468 is divided by 924.
0
Calculate the remainder when 1291 is divided by 1105.
186
What is the remainder when 45956 is divided by 5106?
2
Calculate the remainder when 11822 is divided by 1858.
674
What is the remainder when 30059 is divided by 9953?
200
Calculate the remainder when 2670 is divided by 149.
137
What is the remainder when 11916 is divided by 1323?
9
What is the remainder when 3851 is divided by 12?
11
What is the remainder when 131355 is divided by 399?
84
Calculate the remainder when 19753 is divided by 246.
73
Calculate the remainder when 91837 is divided by 356.
345
Calculate the remainder when 5941 is divided by 138.
7
Calculate the remainder when 452466 is divided by 15.
6
Calculate the remainder when 5106 is divided by 474.
366
What is the remainder when 340 is divided by 205?
135
What is the remainder when 48637 is divided by 726?
721
Calculate the remainder when 89228 is divided by 29.
24
What is the remainder when 24033 is divided by 5972?
145
Calculate the remainder when 14372 is divided by 978.
680
Calculate the remainder when 39229 is divided by 9767.
161
Calculate the remainder when 212586 is divided by 1817.
1814
What is the remainder when 25523 is divided by 1?
0
Calculate the remainder when 4024 is divided by 368.
344
What is the remainder when 749 is divided by 135?
74
Calculate the remainder when 6832433 is divided by 52.
49
Calculate the remainder when 55932 is divided by 1036.
1024
What is the remainder when 31248 is divided by 70?
28
Calculate the remainder when 6801 is divided by 223.
111
Calculate the remainder when 27712 is divided by 58.
46
Calculate the remainder when 196514 is divided by 456.
434
What is the remainder when 28764 is divided by 159?
144
What is the remainder when 202997 is divided by 55?
47
Calculate the remainder when 6667 is divided by 91.
24
What is the remainder when 28789 is divided by 1308?
13
Calculate the remainder when 445024 is divided by 62.
50
Calculate the remainder when 1387 is divided by 974.
413
Calculate the remainder when 58357 is divided by 147.
145
Calculate the remainder when 223870 is divided by 386.
376
What is the remainder when 56791 is divided by 42?
7
What is the remainder when 336804 is divided by 327?
321
What is the remainder when 15507 is divided by 310?
7
What is the remainder when 11771 is divided by 1306?
17
What is the remainder when 52962 is divided by 55?
52
What is the remainder when 14099 is divided by 188?
187
What is the remainder when 1660 is divided by 525?
85
Calculate the remainder when 11811 is divided by 11806.
5
What is the remainder when 118671 is divided by 2374?
2345
What is the remainder when 7396 is divided by 2460?
16
Calculate the remainder when 341401 is divided by 359.
351
Calculate the remainder when 18768 is divided by 9361.
46
What is the remainder when 3538 is divided by 1749?
40
What is the remainder when 8319 is divided by 271?
189
What is the remainder when 89968 is divided by 292?
32
Calculate the remainder when 3791 is divided by 770.
711
What is the remainder when 111826 is divided by 398?
386
What is the remainder when 114607 is divided by 1219?
21
What is the remainder when 4807 is divided by 26?
23
What is the remainder when 66296 is divided by 41?
40
What is the remainder when 22237 is divided by 32?
29
What is the remainder when 135325 is divided by 564?
529
What is the remainder when 614892 is divided by 1830?
12
What is the remainder when 33888 is divided by 150?
138
Calculate the remainder when 23008 is divided by 5750.
8
Calculate the remainder when 1587 is divided by 1568.
19
What is the remainder when 7043 is divided by 7017?
26
Calculate the remainder when 36318 is divided by 7260.
18
What is the remainder when 20656 is divided by 118?
6
What is the remainder when 27127 is divided by 323?
318
Calculate the remainder when 1517 is divided by 433.
218
What is the remainder when 3021 is divided by 2896?
125
What is the remainder when 9638 is divided by 606?
548
What is the remainder when 365712 is divided by 676?
672
What is the remainder when 346522 is divided by 544?
538
Calculate the remainder when 458002 is divided by 25.
2
Calculate the remainder when 3343 is divided by 26.
15
Calculate the remainder when 3397 is divided by 1696.
5
Calculate the remainder when 215082 is divided by 53768.
10
Calculate the remainder when 6759 is divided by 3352.
55
What is the remainder when 7483 is divided by 680?
3
What is the remainder when 7131 is divided by 448?
411
Calculate the remainder when 4314 is divided by 5.
4
What is the remainder when 11176 is divided by 24?
16
What is the remainder when 2484 is divided by 129?
33
Calculate the remainder when 1976 is divided by 42.
2
Calculate the remainder when 227643 is divided by 113742.
159
Calculate the remainder when 9672 is divided by 85.
67
Calculate the remainder when 1976 is divided by 1967.
9
What is the remainder when 61497 is divided by 11?
7
What is the remainder when 8179 is divided by 128?
115
Calculate the remainder when 189787 is divided by 117.
13
What is the remainder when 12314 is divided by 1366?
20
What is the remainder when 9801 is divided by 13?
12
Calculate the remainder when 2335 is divided by 400.
335
Calculate the remainder when 4029 is divided by 4017.
12
Calculate the remainder when 9990 is divided by 1893.
525
Calculate the 